{"id":538,"date":"2020-12-04T03:48:15","date_gmt":"2020-12-04T03:48:15","guid":{"rendered":"https:\/\/www.nouveau.edu.mx\/apodaca\/?page_id=538"},"modified":"2024-06-06T05:26:56","modified_gmt":"2024-06-06T05:26:56","slug":"stem-lab","status":"publish","type":"page","link":"https:\/\/www.nouveau.edu.mx\/apodaca\/stem-lab\/","title":{"rendered":"STEAM Lab"},"content":{"rendered":"\t<section class=\"section\" id=\"section_827217777\">\n\t\t<div class=\"bg section-bg fill bg-fill  bg-loaded\" >\n\n\t\t\t\n\t\t\t<div class=\"section-bg-overlay absolute fill\"><\/div>\n\t\t\t\n\n\t\t<\/div>\n\n\t\t<div class=\"section-content relative\">\n\t\t\t\n<div class=\"row\"  id=\"row-1663880675\">\n\n\t<div id=\"col-490830600\" class=\"col medium-5 small-12 large-5\"  >\n\t\t<div class=\"col-inner\"  >\n\t\t\t\n\t\t\t\n\t<div class=\"img has-hover x md-x lg-x y md-y lg-y\" id=\"image_1891586703\">\n\t\t\t\t\t\t\t\t<div class=\"img-inner dark\" >\n\t\t\t<img loading=\"lazy\" decoding=\"async\" width=\"600\" height=\"600\" src=\"https:\/\/www.nouveau.edu.mx\/apodaca\/wp-content\/uploads\/2024\/06\/steam-lab.jpg\" class=\"attachment-original size-original\" alt=\"\" srcset=\"https:\/\/www.nouveau.edu.mx\/apodaca\/wp-content\/uploads\/2024\/06\/steam-lab.jpg 600w, https:\/\/www.nouveau.edu.mx\/apodaca\/wp-content\/uploads\/2024\/06\/steam-lab-300x300.jpg 300w, https:\/\/www.nouveau.edu.mx\/apodaca\/wp-content\/uploads\/2024\/06\/steam-lab-150x150.jpg 150w\" sizes=\"(max-width: 600px) 100vw, 600px\" \/>\t\t\t\t\t\t\n\t\t\t\t\t<\/div>\n\t\t\t\t\t\t\t\t\n<style>\n#image_1891586703 {\n  width: 100%;\n}\n<\/style>\n\t<\/div>\n\t\n\t\t<\/div>\n\t\t\t<\/div>\n\n\t\n\n\t<div id=\"col-1178269297\" class=\"col medium-7 small-12 large-7\"  >\n\t\t<div class=\"col-inner\"  >\n\t\t\t\n\t\t\t\n<p class=\"h2\" data-line-height=\"m\"><span style=\"color: #222060;\"><strong>STEAM Lab<\/strong><\/span><\/p>\n<p>La sociedad actual se est\u00e1 enfrentando a nuevos retos y oportunidades que demandan perfiles profesionales especializados en resoluci\u00f3n de problemas, con capacidad para innovar y explotar las posibilidades que ofrecen las Tecnolog\u00edas de la Informaci\u00f3n y la Comunicaci\u00f3n (TICs). En este contexto social, tecnol\u00f3gico y laboral emerge el t\u00e9rmino STEAM, acr\u00f3nimo proveniente del ingl\u00e9s: Science, Technology, Engineering, Arts, Mathematics.<\/p>\n<p>La metodolog\u00eda de \u201caprender haciendo\u201d. El individuo se desenvuelve para encontrar una soluci\u00f3n a un problema concreto o lograr un objetivo previamente definido, ya sea de forma completamente aut\u00f3noma o colaborativa mediante din\u00e1micas en grupo. Este modelo de aprendizaje basado en proyectos despierta en los alumnos un gran atractivo ya que, adem\u00e1s de interaccionar con diferentes agentes (disciplinas, herramientas y personas), obtienen resultados tangibles aplicando los conocimientos adquiridos. En el caso de los m\u00e1s peque\u00f1os, la finalidad did\u00e1ctica puede incentivarse a trav\u00e9s del juego.<\/p>\n<p>Esta clase se imparte desde 2\u00b0 de Kinder<\/p>\n\t\t<\/div>\n\t\t\t<\/div>\n\n\t\n<\/div>\n<div class=\"row\"  id=\"row-1311266157\">\n\n\t<div id=\"col-858013736\" class=\"col col-spb small-12 large-12\"  >\n\t\t<div class=\"col-inner text-left dark\" style=\"background-color:#9a449d;\" >\n\t\t\t\n\t\t\t\n<div class=\"row align-middle\"  id=\"row-1914525712\">\n\n\t<div id=\"col-839560061\" class=\"col col-spb medium-9 small-12 large-9\"  >\n\t\t<div class=\"col-inner text-center\"  >\n\t\t\t\n\t\t\t\n<p class=\"uppercase my-0 h4\"><strong>Quiero ser parte de la familia nouveau<\/strong><\/p>\n\t\t<\/div>\n\t\t\t<\/div>\n\n\t\n\n\t<div id=\"col-576088548\" class=\"col col-spb medium-3 small-12 large-3\"  >\n\t\t<div class=\"col-inner text-center\"  >\n\t\t\t\n\t\t\t\n<a class=\"button primary mb-0\"  >\n  <i class=\"icon-heart\" ><\/i>  <span>Click aqu\u00ed<\/span>\n  <\/a>\n\n\t\t<\/div>\n\t\t\t<\/div>\n\n\t\n<\/div>\n\t\t<\/div>\n\t\t\n<style>\n#col-858013736 > .col-inner {\n  padding: 24px 20px 24px 20px;\n}\n<\/style>\n\t<\/div>\n\n\t\n<\/div>\n\t\t<\/div>\n\n\t\t\n<style>\n#section_827217777 {\n  padding-top: 60px;\n  padding-bottom: 60px;\n  background-color: rgb(255, 255, 255);\n}\n#section_827217777 .section-bg-overlay {\n  background-color: rgba(255, 255, 255, 0.85);\n}\n<\/style>\n\t<\/section>\n\t\n","protected":false},"excerpt":{"rendered":"","protected":false},"author":2,"featured_media":0,"parent":0,"menu_order":0,"comment_status":"closed","ping_status":"closed","template":"page-blank.php","meta":{"footnotes":""},"class_list":["post-538","page","type-page","status-publish","hentry"],"_links":{"self":[{"href":"https:\/\/www.nouveau.edu.mx\/apodaca\/wp-json\/wp\/v2\/pages\/538"}],"collection":[{"href":"https:\/\/www.nouveau.edu.mx\/apodaca\/wp-json\/wp\/v2\/pages"}],"about":[{"href":"https:\/\/www.nouveau.edu.mx\/apodaca\/wp-json\/wp\/v2\/types\/page"}],"author":[{"embeddable":true,"href":"https:\/\/www.nouveau.edu.mx\/apodaca\/wp-json\/wp\/v2\/users\/2"}],"replies":[{"embeddable":true,"href":"https:\/\/www.nouveau.edu.mx\/apodaca\/wp-json\/wp\/v2\/comments?post=538"}],"version-history":[{"count":7,"href":"https:\/\/www.nouveau.edu.mx\/apodaca\/wp-json\/wp\/v2\/pages\/538\/revisions"}],"predecessor-version":[{"id":979,"href":"https:\/\/www.nouveau.edu.mx\/apodaca\/wp-json\/wp\/v2\/pages\/538\/revisions\/979"}],"wp:attachment":[{"href":"https:\/\/www.nouveau.edu.mx\/apodaca\/wp-json\/wp\/v2\/media?parent=538"}],"curies":[{"name":"wp","href":"https:\/\/api.w.org\/{rel}","templated":true}]}}