{"id":542,"date":"2020-12-04T03:51:42","date_gmt":"2020-12-04T03:51:42","guid":{"rendered":"https:\/\/www.nouveau.edu.mx\/apodaca\/?page_id=542"},"modified":"2024-06-06T05:26:53","modified_gmt":"2024-06-06T05:26:53","slug":"robotics-lab","status":"publish","type":"page","link":"https:\/\/www.nouveau.edu.mx\/apodaca\/robotics-lab\/","title":{"rendered":"Robotics Lab"},"content":{"rendered":"\t<section class=\"section\" id=\"section_1719152846\">\n\t\t<div class=\"bg section-bg fill bg-fill  bg-loaded\" >\n\n\t\t\t\n\t\t\t<div class=\"section-bg-overlay absolute fill\"><\/div>\n\t\t\t\n\n\t\t<\/div>\n\n\t\t<div class=\"section-content relative\">\n\t\t\t\n<div class=\"row\"  id=\"row-1822315893\">\n\n\t<div id=\"col-1372000556\" class=\"col medium-5 small-12 large-5\"  >\n\t\t<div class=\"col-inner\"  >\n\t\t\t\n\t\t\t\n\t<div class=\"img has-hover x md-x lg-x y md-y lg-y\" id=\"image_1212087101\">\n\t\t\t\t\t\t\t\t<div class=\"img-inner dark\" >\n\t\t\t<img loading=\"lazy\" decoding=\"async\" width=\"600\" height=\"600\" src=\"https:\/\/www.nouveau.edu.mx\/apodaca\/wp-content\/uploads\/2024\/06\/roboticss.jpg\" class=\"attachment-original size-original\" alt=\"\" srcset=\"https:\/\/www.nouveau.edu.mx\/apodaca\/wp-content\/uploads\/2024\/06\/roboticss.jpg 600w, https:\/\/www.nouveau.edu.mx\/apodaca\/wp-content\/uploads\/2024\/06\/roboticss-300x300.jpg 300w, https:\/\/www.nouveau.edu.mx\/apodaca\/wp-content\/uploads\/2024\/06\/roboticss-150x150.jpg 150w\" sizes=\"(max-width: 600px) 100vw, 600px\" \/>\t\t\t\t\t\t\n\t\t\t\t\t<\/div>\n\t\t\t\t\t\t\t\t\n<style>\n#image_1212087101 {\n  width: 100%;\n}\n<\/style>\n\t<\/div>\n\t\n\t\t<\/div>\n\t\t\t<\/div>\n\n\t\n\n\t<div id=\"col-1670940200\" class=\"col medium-7 small-12 large-7\"  >\n\t\t<div class=\"col-inner\"  >\n\t\t\t\n\t\t\t\n<p class=\"h2\" data-line-height=\"m\"><span style=\"color: #222060;\"><strong>Robotics Lab<\/strong><\/span><\/p>\n<p>Desarrolla el pensamiento l\u00f3gico a trav\u00e9s de estructuras de programaci\u00f3n. Para cumplir con los retos en las competencias, se requiere un s\u00f3lido conocimiento de la l\u00f3gica-matem\u00e1tica, mediante la aplicaci\u00f3n de c\u00e1lculos num\u00e9ricos y siguiendo patrones l\u00f3gicos de programaci\u00f3n.<\/p>\n<p>La rob\u00f3tica educativa se implanta desde el inicio de la etapa escolar de los ni\u00f1os para que \u00e9stos afronten la interacci\u00f3n con la tecnolog\u00eda como algo natural. Habilidades competitivas como el pensamiento cr\u00edtico y el liderazgo son estimuladas en ni\u00f1os y j\u00f3venes en las din\u00e1micas de trabajo en conjunto.<\/p>\n<p>Estimula la creatividad mediante el dise\u00f1o y la resoluci\u00f3n de problemas. La creatividad y la resoluci\u00f3n de problemas son esenciales al momento de construir un robot y hacer que \u00e9ste resuelva los obst\u00e1culos. Los ni\u00f1os y ni\u00f1as son preparados para pensar fuera de la caja y llegar a soluciones creativas cuando el robot no act\u00faa en la forma esperada.<\/p>\n<p>Ampl\u00edan su vocabulario, empleando eficazmente las palabras t\u00e9cnicas.<\/p>\n<p>Adem\u00e1s de aprender a dise\u00f1ar, construir y programar sus robots, los alumnos aprenden a trabajar en equipo para afrontar los desaf\u00edos en las competencias.<\/p>\n<p>Esta clase se imparte desde 1ro de Primaria.<br \/>Nuestro aliado para esta clase es Lego Education<\/p>\n\t\t<\/div>\n\t\t\t<\/div>\n\n\t\n<\/div>\n<div class=\"row\"  id=\"row-1710014609\">\n\n\t<div id=\"col-365143200\" class=\"col col-spb small-12 large-12\"  >\n\t\t<div class=\"col-inner text-left dark\" style=\"background-color:#9a449d;\" >\n\t\t\t\n\t\t\t\n<div class=\"row align-middle\"  id=\"row-210574030\">\n\n\t<div id=\"col-1951445464\" class=\"col col-spb medium-9 small-12 large-9\"  >\n\t\t<div class=\"col-inner text-center\"  >\n\t\t\t\n\t\t\t\n<p class=\"uppercase my-0 h4\"><strong>Quiero ser parte de la familia nouveau<\/strong><\/p>\n\t\t<\/div>\n\t\t\t<\/div>\n\n\t\n\n\t<div id=\"col-1861469087\" class=\"col col-spb medium-3 small-12 large-3\"  >\n\t\t<div class=\"col-inner text-center\"  >\n\t\t\t\n\t\t\t\n<a class=\"button primary mb-0\"  >\n  <i class=\"icon-heart\" ><\/i>  <span>Click aqu\u00ed<\/span>\n  <\/a>\n\n\t\t<\/div>\n\t\t\t<\/div>\n\n\t\n<\/div>\n\t\t<\/div>\n\t\t\n<style>\n#col-365143200 > .col-inner {\n  padding: 24px 20px 24px 20px;\n}\n<\/style>\n\t<\/div>\n\n\t\n<\/div>\n\t\t<\/div>\n\n\t\t\n<style>\n#section_1719152846 {\n  padding-top: 60px;\n  padding-bottom: 60px;\n  background-color: rgb(255, 255, 255);\n}\n#section_1719152846 .section-bg-overlay {\n  background-color: rgba(255, 255, 255, 0.85);\n}\n<\/style>\n\t<\/section>\n\t\n","protected":false},"excerpt":{"rendered":"","protected":false},"author":2,"featured_media":0,"parent":0,"menu_order":0,"comment_status":"closed","ping_status":"closed","template":"page-blank.php","meta":{"footnotes":""},"class_list":["post-542","page","type-page","status-publish","hentry"],"_links":{"self":[{"href":"https:\/\/www.nouveau.edu.mx\/apodaca\/wp-json\/wp\/v2\/pages\/542"}],"collection":[{"href":"https:\/\/www.nouveau.edu.mx\/apodaca\/wp-json\/wp\/v2\/pages"}],"about":[{"href":"https:\/\/www.nouveau.edu.mx\/apodaca\/wp-json\/wp\/v2\/types\/page"}],"author":[{"embeddable":true,"href":"https:\/\/www.nouveau.edu.mx\/apodaca\/wp-json\/wp\/v2\/users\/2"}],"replies":[{"embeddable":true,"href":"https:\/\/www.nouveau.edu.mx\/apodaca\/wp-json\/wp\/v2\/comments?post=542"}],"version-history":[{"count":4,"href":"https:\/\/www.nouveau.edu.mx\/apodaca\/wp-json\/wp\/v2\/pages\/542\/revisions"}],"predecessor-version":[{"id":978,"href":"https:\/\/www.nouveau.edu.mx\/apodaca\/wp-json\/wp\/v2\/pages\/542\/revisions\/978"}],"wp:attachment":[{"href":"https:\/\/www.nouveau.edu.mx\/apodaca\/wp-json\/wp\/v2\/media?parent=542"}],"curies":[{"name":"wp","href":"https:\/\/api.w.org\/{rel}","templated":true}]}}